 136. Suppose 3*w = -0*w - 5*o + d, w - 2 = -4*o. What is the highest common divisor of w and 126?
18
Let x = -7 + 10. Suppose 0 = -3*i - 0 + x. Let o = 6 - i. What is the greatest common factor of 10 and o?
5
Suppose 5*o - 170 = 5*l, 5*o = 4*l - 43 + 217. Suppose -4*a + 0*a = -380. Calculate the highest common factor of a and o.
19
Let s be (11/(-5) + 2 - -2)*65. What is the highest common factor of s and 27?
9
Let g(p) = -p**2 + 10*p + 6. Let r be g(11). Let f(m) = -m**3 - 3*m**2 - m + 5. Let l be f(r). What is the highest common divisor of l and 24?
12
Suppose -7*w - 2*w + 270 = 0. What is the highest common divisor of 10 and w?
10
Suppose 5*n + q - 77 = 2*n, -6 = -3*q. Calculate the highest common factor of n and 25.
25
Let m(y) = -5*y - 8. Let b be m(-10). Calculate the highest common divisor of b and 6.
6
Let d be (1/(-2))/(2/(-56)). Suppose -2*f + f = -a + 156, 4*f - 4 = 0. Let j be 12/(-1 - 3) + a. What is the greatest common factor of j and d?
14
Let s(t) = t**3 - 2*t**2 - 4*t + 1. Let l be s(5). Let q be 9 - (2/1)/2. Let u be q/((1 - 2)/(-1)). Calculate the greatest common divisor of l and u.
8
Suppose 2*j - 1568 = -5*j. What is the greatest common factor of 32 and j?
32
Suppose 0 = -3*g + 298 + 62. What is the highest common divisor of g and 48?
24
Suppose 0*a + 4*a + t - 27 = 0, 4 = a + 3*t. What is the greatest common divisor of 56 and a?
7
Suppose -21 + 1 = -5*o. Suppose 5*v + 5*i + 5 = 0, 4*v + o*i = 2*i. What is the greatest common divisor of 4 and v?
1
Suppose 5 = 13*z - 12*z. Suppose 3*m - z*m = -8. What is the greatest common divisor of 4 and m?
4
Let r(h) be the first derivative of h**2 + 2*h + 1. Let c be r(3). Let q be (-49)/(-2) + 4/c. Calculate the highest common divisor of 5 and q.
5
Let t(h) = 2*h**2 - 7*h - 5. Let k be t(7). Calculate the greatest common divisor of k and 66.
22
Let q(u) = 9*u**2. Let v be q(2). What is the greatest common factor of v and 90?
18
Let u(h) = 4*h. Let o be u(5). Let t = 140 + -80. Suppose -85 = 5*p + 4*f - 385, -p = -f - t. What is the greatest common factor of o and p?
20
Let v = -4 + 11. Suppose -9 = m + 3*p, -2*p - 2 = -2*m + 4. Suppose 5*l - 15 - 20 = m. Calculate the highest common divisor of l and v.
7
Let b = 10 - 9. Let a(o) = 3*o**2 + o - 2. Let m be a(b). Let g(j) = -12*j - 2. Let s be g(-2). Calculate the highest common factor of m and s.
2
Suppose -2*a = -5*l - 139, 2*a - l - 2*l = 145. What is the greatest common factor of 22 and a?
11
Suppose w + 416 = 5*w. Let b(r) be the third derivative of r**4/12 - 19*r**3/6 + 2*r**2. Let t be b(16). What is the highest common factor of w and t?
13
Let b(i) = -80*i**3 + i**2 + 3*i + 2. Let u be b(-1). Calculate the greatest common factor of u and 20.
20
Suppose -4*n - 3*j - 4 = -5*n, 4*n - 3*j - 61 = 0. Calculate the greatest common divisor of n and 95.
19
Let i be ((-4)/(-3))/(10/(-15)). Let o be i/(-4*(-1)/(-66)). Calculate the highest common factor of o and 11.
11
Let r(m) = -35*m - 1. Let u be r(-1). Suppose -3*g - 4*b - b + 56 = 0, -3*b + 54 = 3*g. Calculate the greatest common factor of u and g.
17
Let m be 2 + 0 - 1*-2. Let q be 1 + (m - 2) + -1. Suppose q*l + 9 - 73 = 0. What is the highest common factor of l and 4?
4
Let r = -10 + 15. Suppose -5 + 1 = -4*s. What is the greatest common divisor of r and s?
1
Suppose -3*s + 3*v = -93, -1 = 5*v - 6. What is the greatest common divisor of s and 48?
16
Let v be (-19 - -1)*-3 + -3. What is the greatest common divisor of 17 and v?
17
Let w be 15*4/9*30/8. Calculate the highest common factor of w and 5.
5
Suppose -120 = -3*x + 42. Suppose -6*t = -9*t + 108. Calculate the greatest common factor of t and x.
18
Let b = 128 - 1010. Let v be b/7*(-1)/2. Calculate the highest common factor of v and 9.
9
Let b = -108 + 111. Calculate the highest common divisor of 4 and b.
1
Suppose -6*k + 3 = -3. What is the highest common divisor of 2 and k?
1
Let v(p) = -p - 3. Let x be v(-6). Suppose -x*n + 3*k + 297 = 0, 5*n - 317 = 2*k + 178. What is the highest common divisor of 11 and n?
11
Suppose -3*c = -61 + 10. Suppose 72 - 21 = v. Calculate the greatest common factor of v and c.
17
Suppose 19*j = 13*j + 54. What is the greatest common factor of j and 81?
9
Let p(c) = -c**2 - 12*c - 19. Let m be p(-10). What is the highest common factor of 2 and m?
1
Let o = -58 - -81. Let u = o + -9. Calculate the highest common divisor of u and 70.
14
Suppose -80 = -5*j + 3*q, -3*j + 5*j - 13 = 5*q. What is the greatest common divisor of j and 76?
19
Let y = 16 + -9. Suppose 4*f = y + 21. Calculate the greatest common factor of f and 28.
7
Suppose 3*s - 292 = 53. Calculate the greatest common factor of 46 and s.
23
Let f be 192/9 - (-1)/(-3). Suppose 0 = -13*x + 14*x - 14. What is the greatest common factor of x and f?
7
Suppose -4*z + 8 = -0*z. Suppose -z*a + 90 = 3*a. What is the greatest common divisor of 144 and a?
18
Suppose -2*h - 12 = -h. Let z be 2*-1 - -3 - h. What is the greatest common divisor of z and 117?
13
Let s be -18*(-1 + (-20)/(-6)). Let z be (s/9)/(4/(-30)). Suppose 4*x = 70 - 14. What is the greatest common factor of x and z?
7
Suppose 5*c - 14 = -4*p + 7, 5*c = -3*p + 17. Let d = 5 + -3. What is the highest common divisor of c and d?
1
Suppose 2*i - i = 115. Suppose 4*p + 52 = 236. Calculate the highest common divisor of i and p.
23
Let h(n) = -21*n - 3. Let w be h(-3). Suppose -4*k - w = k. Let b = k - -22. What is the greatest common divisor of 15 and b?
5
Let z be (2*11 - 0) + -13 + 14. Calculate the greatest common factor of z and 207.
23
Let y be (-3)/(0 + (5 - 6)). Calculate the highest common divisor of 6 and y.
3
Let c(n) = -3*n**3 - 9*n**2 - 2*n - 4. Let u be c(-4). What is the highest common factor of 208 and u?
52
Suppose -3*m + 12 = 33. Let j = m - -16. Let s = -9 - -18. Calculate the highest common divisor of j and s.
9
Let w(h) = h**3 - 4*h**2 + 49. Let l be w(6). Suppose 0 = 3*k - 0*k - 33. Calculate the greatest common divisor of l and k.
11
Let i(u) = 9*u**3 - u**2 - 2*u. Let n(f) = f**3 + f**2 + f. Let x(l) = -i(l) - 2*n(l). Let c be x(-1). What is the highest common factor of c and 70?
10
Let q = 7 + 13. Let l = -228 - -78. Let k be (8/(-6))/(4/l). What is the greatest common factor of k and q?
10
Let o be -16 + 19 + 13*1. Calculate the greatest common factor of o and 112.
16
Suppose 4*a + 3*u - 105 = 0, -2*a + 5*u = a - 57. Let h be 6/10 - 57/(-5). Calculate the highest common factor of a and h.
12
Let d = -1 + 5. Suppose 9 + 197 = 5*q + 2*a, -172 = -4*q - d*a. Calculate the greatest common factor of 8 and q.
8
Let b = -1 + 5. Let i = b + 0. Suppose -i*a - a = -4*x + 65, 5*a = 2*x - 45. Calculate the greatest common divisor of x and 80.
10
Suppose -s - 4 - 3 = 0. Let b = s + 11. Suppose -4*d + 17 = x, d = 3 - b. Calculate the highest common divisor of x and 7.
7
Suppose x = -2*x + 6. Calculate the greatest common factor of x and 18.
2
Suppose 0 = 3*b - 5*b. Let c = b - -36. What is the greatest common divisor of 54 and c?
18
Let f = -48 - -102. Calculate the highest common factor of f and 6.
6
Let x = 51 + 12. Calculate the greatest common divisor of 9 and x.
9
Let i = 40 + 80. Let u = i - 55. Let o(f) = f**3 + 9*f**2 + 11*f + 5. Let p be o(-7). What is the highest common divisor of u and p?
13
Let i = -14 - -4. Let r = i + 15. Suppose 0 = r*a - 20 - 0. What is the highest common factor of a and 6?
2
Suppose 20 = 7*r - 6*r. What is the highest common divisor of r and 30?
10
Let r(w) be the second derivative of w**4/4 - 5*w**3/6 - w**2 - 7*w. Let k be r(4). What is the highest common divisor of k and 39?
13
Suppose 3*j - 54 = -15*j. Let q = 3 + 0. Calculate the highest common factor of j and q.
3
Suppose 0 = 2*s - s. Suppose 4*z - 196 - 224 = s. Calculate the greatest common factor of z and 15.
15
Let r be ((-1)/(-1))/(1/(-3)). Let h(j) = -j**2 - 6*j + 1. Let i be h(r). What is the greatest common divisor of 110 and i?
10
Let f(w) = 23*w**3 - 2*w**2 + 3*w - 2. Let v be f(2). What is the highest common factor of v and 20?
20
Let w be 3 - (6/1 - 3). Let j be (w - 4)*(-19)/4. Calculate the highest common factor of 38 and j.
19
Suppose -3*o + 6 = -0*o. Suppose 5*s = 11 + 39. Calculate the highest common divisor of s and o.
2
Let n(i) = -i**3 + 5*i + 2. Let v be n(-3). Let 